 factors of k.
2, 3
Let s(a) = 9*a - 2*a**2 + 0*a**3 - a**3 - 9*a + 1. Let f be s(-2). Suppose -3*u = -f - 11. List the prime factors of u.
2
Let o = 3 - 0. Suppose -8*y + l = -3*y - 11, -o*l = 5*y - 27. What are the prime factors of y?
3
Let u = 9 - 6. Suppose 8 = u*c + 2. Suppose -2*q - c*t = -4*t - 22, 4*t = 2*q - 20. What are the prime factors of q?
2, 3
Suppose 0*w + 5*w = -5*t - 10, 2*t - 2 = 0. List the prime factors of -5*w/(-6)*-2.
5
Suppose -5*h - n + 2 = -15, 3*h + n = 9. Suppose -3*i - h*y + 2 = 1, y - 10 = -4*i. List the prime factors of i.
3
Let u = 8 + -2. List the prime factors of u.
2, 3
Let a = -14 - -21. Suppose a*q - 25 = 2*q. List the prime factors of q.
5
Suppose -o = -76 + 20. What are the prime factors of o?
2, 7
Suppose -q = 3*q - 3*h - 530, q = -3*h + 140. List the prime factors of q.
2, 67
Let f = 71 + -43. Let h = f + -17. What are the prime factors of (-318)/(-66) + 2/h?
5
Suppose 2*g = 234 + 238. List the prime factors of g.
2, 59
Suppose 2 = 2*n - 0*n, -2*a = 3*n - 19. Let l = -2 - a. Let z = l + 14. List the prime factors of z.
2
Let v(j) = -j**3 + 5*j**2 - 3*j - 1. Suppose q - 12 = -2*q. What are the prime factors of v(q)?
3
Suppose 0 = -5*i + 4*d + 17, -2*d + 2 = -2*i + 10. Let t = 4 - i. Suppose -s - 22 = -t*s. What are the prime factors of s?
11
Let a(k) = 6*k**3 - 1. Let v be a(1). Let o = -61 + 63. Suppose v*b = -o*f + 65, -b + 11 + 9 = -f. List the prime factors of b.
3, 5
Let h be (2 + -76*1)*-2. Suppose -2*l = -3*l - 2*u + 35, u = -5*l + h. List the prime factors of l.
29
Let h = 412 - 140. What are the prime factors of h?
2, 17
Let n = -63 - -172. Suppose -13 = 4*i - n. What are the prime factors of i?
2, 3
Let x(n) = -15*n - 6. Let l be x(-5). Suppose -l + 24 = -5*z. What are the prime factors of z?
3
Let c = -82 + 181. List the prime factors of c.
3, 11
Let r(n) = -3*n - 14. Let q(z) = -1. Let b(k) = -k**2 + 2*k + 9. Let p(w) = b(w) + 4*q(w). Let h be p(5). What are the prime factors of r(h)?
2
List the prime factors of 12/4*1 - -26.
29
Let x = 28 - -11. What are the prime factors of x?
3, 13
Suppose 12 = 5*h + 3*b + 2, -5 = 4*h + 5*b. Suppose h*y = 6*y - 2. Suppose -y = 4*w - 46. What are the prime factors of w?
11
Suppose 0 = d - 3*d + 2. Suppose 2*a + d + 1 = 0. What are the prime factors of ((-21)/(-6))/(a/(-2))?
7
Suppose g + 5*i = 2*i + 22, 0 = -5*g + 4*i + 53. Let s = 1 + g. What are the prime factors of s?
2, 7
Let u(f) = f**2 - 6*f + 7. What are the prime factors of u(5)?
2
Let p(s) = s**3 - 6*s**2 - 5*s - 9. Let l be p(7). Suppose 3*w + 6 = l*w + 4*u, w - 2 = -3*u. What are the prime factors of w?
5
List the prime factors of 19/(((-3)/(-12))/((-30)/(-24))).
5, 19
Suppose 7 = -5*s - 23. Let n(i) = -i - 3. What are the prime factors of n(s)?
3
Let v = 100 + -38. What are the prime factors of v?
2, 31
Let g(u) = -4*u - 1. Let r be 20/2*(-2)/4. Let c be g(r). List the prime factors of 1*(c - 3 - 3).
13
Let a(v) = -2*v**3 - 3*v**2 + 4*v + 1. Suppose 0*t + 24 = 3*t. Let k be (-2)/t - 22/8. What are the prime factors of a(k)?
2
Suppose -2*c + 56 = -90. Suppose 3*d - s = c, -3*d = -2*d + 5*s - 35. List the prime factors of d.
5
Let h = -355 - -506. List the prime factors of h.
151
Let q(t) = -14*t - 8. What are the prime factors of q(-7)?
2, 3, 5
Suppose 3*j + 4*l - 127 = -27, -2*j + 2*l + 76 = 0. Suppose 0*i + j = 3*i. What are the prime factors of i?
2, 3
Suppose 5*f = 3*i - i + 160, -i - 64 = -2*f. Suppose -f - 36 = -2*t. List the prime factors of t.
2, 17
Let b(w) = w**2 + 3*w - 5. Let j be b(-4). Let u be 3 - -15 - (0 - j). Suppose -u - 7 = -4*k. List the prime factors of k.
2, 3
Let k(w) = w**2 + 2*w + 6. Suppose 16 = 4*v, -20 = -2*z + v + 2*v. Suppose 3*l - 7*l - z = 0. What are the prime factors of k(l)?
2, 7
Let o(a) = 3*a + 4 - 2*a - 2*a. List the prime factors of o(-10).
2, 7
Suppose 4*c + 5 = -27. Let m = c + 13. Let k = m - -1. What are the prime factors of k?
2, 3
Suppose -v + 34 = -0*v. List the prime factors of v.
2, 17
Suppose 4*h - 376 = 2*h. Suppose 0*z + h = 4*z. What are the prime factors of z?
47
Let m(n) = 15*n + 21. Let r(f) = f + 1. Let z(q) = -m(q) + 12*r(q). List the prime factors of z(-8).
3, 5
Let k(g) = -g + 15. What are the prime factors of k(-14)?
29
Suppose -5*y + 3*y = -106. List the prime factors of y.
53
Let l(k) = -k**3 + 9*k**2 - 3*k + 5. What are the prime factors of l(7)?
2, 41
Let n(i) = i**3 - 6*i**2 - 3*i + 8. Let s be n(6). Let w = 6 - s. What are the prime factors of w?
2
Let q(w) be the first derivative of 3*w**2/2 - 10*w - 4. Let d(i) = i + 15. Let j be d(-7). What are the prime factors of q(j)?
2, 7
Let l be (-1)/((-3)/3) + -1. Suppose z - 3*z + 40 = l. List the prime factors of -1 + 0 - z/(-4).
2
Suppose 0 = 2*n + q, 4*q + 4 = 3*q. Suppose 3 = 3*u - 0*u, 4*t + 10 = n*u. What are the prime factors of t/4 + 63/6?
2, 5
Suppose 2*a - 6 + 0 = 0. Suppose -a*g = -4*g + 16. List the prime factors of g.
2
Let x(m) = -2*m**3 + m**2 + 2*m + 1. Let w be x(-1). Let z be ((-6)/7)/(w/(-14)). Suppose 31 = 4*g - 3*i, -5*g + 4*g + z = i. List the prime factors of g.
7
Let a(f) = -f**3 + 5*f**2 + 7*f - 8. Let j be a(6). Let y(x) = 5*x**2 - x + 0*x + 2 + 2*x + 2*x. What are the prime factors of y(j)?
2
Let q be -1*(-1 + 15 + -1). Suppose x + 5 + 2 = -3*r, -3*r - 19 = 4*x. List the prime factors of (1 + q/4)*x.
3
Let x be ((-30)/9)/(4/(-6)). Suppose 7*s = -5*a + 2*s - x, -1 = 5*a + 4*s. Suppose d - 6 = a. What are the prime factors of d?
3
Let o(v) = -v - 8. Let w be o(-8). Suppose t + 0*t - j = 3, w = -2*j - 2. Suppose t*i + 24 = 4*i. What are the prime factors of i?
2, 3
What are the prime factors of 4 - 0/(-3) - -89?
3, 31
Suppose 0 = 2*n + i - 4*i - 9, 0 = -n + 3*i. List the prime factors of n.
3
Let i = 155 + -56. List the prime factors of i.
3, 11
Suppose -53 = 7*f - 823. List the prime factors of f.
2, 5, 11
Suppose 1184 = 3*c + 5*b, -3*c + 2*c = -4*b - 372. List the prime factors of (-14)/(-49) + c/14.
2, 7
Let t = -30 - -20. Suppose 4*r = 2*b + 94, -21 - 68 = -4*r + b. Let s = r + t. List the prime factors of s.
11
Suppose -2*d + 10 = -2*s, 0*s = 4*d + 3*s - 48. Suppose -n + 2 = 5*p - d, 0 = -2*n + 4*p + 64. What are the prime factors of n?
2, 13
Suppose 2*t + 11 = -0*t - b, t = -2*b - 10. Let i = t - -5. What are the prime factors of (0 - i)/(-1) - -6?
7
Let k be 0 + (-5)/((-5)/(-2)). Let t = 19 + k. List the prime factors of t.
17
Suppose 2*j - 16 = 2. What are the prime factors of j?
3
List the prime factors of 48 - (-3 + -1 + 4 + -1).
7
Suppose -q + 4*q - 2*h + 103 = 0, -4*q = 2*h + 156. Let d = 2 - q. List the prime factors of d.
3, 13
Let y = -3 - -5. Suppose -2 - 6 = -y*v. List the prime factors of v.
2
Let z(r) = -4*r - 37. What are the prime factors of z(-19)?
3, 13
Let w(p) = -p + 2. Let j be w(0). Let u be (-3)/(-2) + j/(-4). List the prime factors of (11 - 2/(-2)) + u.
13
Suppose 935 = 4*f - 6*k + k, 911 = 4*f + 3*k. What are the prime factors of f?
2, 5, 23
Let s be 4*(-2 + 8)/(-3). Let p = s + 43. List the prime factors of p.
5, 7
Suppose 14 = 5*y - 16. What are the prime factors of y?
2, 3
Suppose -3*x - 2 = -5*v - 21, 5*v - 20 = 0. Suppose 0 = m + x - 50. Let s = m - 22. List the prime factors of s.
3, 5
Let f be (-748)/(-8) + 1/2. Let w be (-10)/45 - f/(-18). Let o = w + -1. List the prime factors of o.
2
Suppose -5*w + 8*x - 55 = 3*x, x = -4*w - 49. Let n(a) = -a**3 - 10*a**2 + 21*a - 12. Let c be n(-12). Let s = c + w. List the prime factors of s.
2, 3
What are the prime factors of ((-1)/(-3) - 1)*(-3 + -66)?
2, 23
Suppose -r = -92 - 66. What are the prime factors of r?
2, 79
Suppose -v + 5*x + 113 + 56 = 0, 4*v + 3*x = 561. List the prime factors of v.
2, 3
What are the prime factors of (880/33)/((-2)/(-15)*1)?
2, 5
Suppose -p - 3*h - 2*h = 31, -h - 4 = 0. Let x = -4 - p. What are the prime factors of x?
7
Let q = 0 - -8. List the prime factors of q.
2
Let k = 9 - -2. What are the prime factors of k?
11
Let n = -23 + 95. What are the prime factors of n?
2, 3
Let h(r) = -r**3 + 9*r**2 + 13*r - 8. What are the prime factors of h(10)?
2, 11
Let g = -33 + 56. What are the prime factors of g?
23
Let o = 815 + -379. List the prime factors of o.
2, 109
Suppose -4*i - 53 = -8*i - 3*f, 2*f - 6 = 0. Suppose 3*a - 1 = i. List the prime factors of a